{"id":10023,"date":"2024-03-29T18:30:27","date_gmt":"2024-03-29T18:30:27","guid":{"rendered":"https:\/\/instalacionarteenchile.cl\/?page_id=10023"},"modified":"2024-04-17T21:01:07","modified_gmt":"2024-04-17T21:01:07","slug":"artistas","status":"publish","type":"page","link":"https:\/\/instalacionarteenchile.cl\/index.php\/artistas\/","title":{"rendered":"Artistas"},"content":{"rendered":"<div class=\"wpb-content-wrapper\" id=\"wpb-content-root\"><p>[vc_row equal_height=\u00bbyes\u00bb content_placement=\u00bbmiddle\u00bb css=\u00bb.vc_custom_1579947953663{padding-top: 80px !important;padding-bottom: 40px !important;}\u00bb el_class=\u00bbphone-reverse-col\u00bb][vc_column width=\u00bb1\/2&#8243; offset=\u00bbvc_col-lg-6 vc_col-md-6 vc_col-xs-12&#8243; css=\u00bb.vc_custom_1579947663151{padding-bottom: 30px !important;}\u00bb][vc_column_text css=\u00bb.vc_custom_1713387661342{padding-bottom: 20px !important;}\u00bb]<\/p>\n<h4>Victor Hugo N\u00fa\u00f1ez<\/h4>\n<p>Nace en Santiago el 15 de agosto de 1943. Inicia su formaci\u00f3n art\u00edstica en el a\u00f1o 1960 como estudiante en los cursos vespertinos de dibujo y croquis dirigidos por Gracia Barros en la Escuela de Bellas Artes de la Universidad de Chile. Entre los a\u00f1os 1961 y 1963 estudia dise\u00f1o y cer\u00e1mica en la Escuela de Artes Aplicadas de la misma universidad. En 1964 ingresa formalmente a la Escuela de Bellas Artes, lugar donde estudia con Ricardo Meza, con quien se especializ\u00f3 en escultura y cer\u00e1mica. Se desempe\u00f1\u00f3 como ayudante y posteriormente profesor de la c\u00e1tedra de escultura, en la misma instituci\u00f3n. En 1971 fue nombrado director de la Casa de la Cultura del Mineral del Teniente. En 1974 y tras el Golpe C\u00edvico Militar se traslada a M\u00e9xico como asilado pol\u00edtico. 1979 recibi\u00f3 el Primer Premio de Adquisici\u00f3n en la Primera Trienal de Escultura del Sal\u00f3n Nacional de Artes Pl\u00e1sticas de M\u00e9xico. Su obra ha sido exhibida en el Museo de Arte Contempor\u00e1neo, Santiago; Museo de Arte Moderno, Ciudad de M\u00e9xico; Museo Carillo Gil, Ciudad de M\u00e9xico; Convento de Tepoztl\u00e1n, Morelos; Palacio de Bellas Arte, Ciudad de M\u00e9xico y Museo Nacional de Bellas Artes, Santiago. Actualmente, reside en Cuernavaca, M\u00e9xico.<\/p>\n<p>[\/vc_column_text][\/vc_column][vc_column width=\u00bb1\/2&#8243; css=\u00bb.vc_custom_1579947671531{padding-bottom: 40px !important;}\u00bb offset=\u00bbvc_col-lg-6 vc_col-md-6 vc_col-xs-12&#8243;]<style type=\"text\/css\" data-type=\"the7_shortcodes-inline-css\">.shortcode-single-image-wrap.shortcode-single-image-71fd28315e219dec8f2ae946ce16646d.enable-bg-rollover .rollover i,\n.shortcode-single-image-wrap.shortcode-single-image-71fd28315e219dec8f2ae946ce16646d.enable-bg-rollover .rollover-video i {\n  background: -webkit-linear-gradient();\n  background: linear-gradient();\n}\n.shortcode-single-image-wrap.shortcode-single-image-71fd28315e219dec8f2ae946ce16646d .rollover-icon {\n  font-size: 32px;\n  color: #ffffff;\n  min-width: 44px;\n  min-height: 44px;\n  line-height: 44px;\n  border-radius: 100px;\n  border-style: solid;\n  border-width: 0px;\n}\n.dt-icon-bg-on.shortcode-single-image-wrap.shortcode-single-image-71fd28315e219dec8f2ae946ce16646d .rollover-icon {\n  background: rgba(255,255,255,0.3);\n  box-shadow: none;\n}<\/style><div class=\"shortcode-single-image-wrap shortcode-single-image-71fd28315e219dec8f2ae946ce16646d alignnone  enable-bg-rollover dt-icon-bg-off\" style=\"margin-top:0px; margin-bottom:0px; margin-left:0px; margin-right:0px; width:1200px;\"><div class=\"shortcode-single-image\"><div class=\"fancy-media-wrap  layzr-bg\" style=\"\"><img fetchpriority=\"high\" decoding=\"async\" class=\"preload-me lazy-load aspect\" src=\"data:image\/svg+xml,%3Csvg%20xmlns%3D&#39;http%3A%2F%2Fwww.w3.org%2F2000%2Fsvg&#39;%20viewBox%3D&#39;0%200%20479%20479&#39;%2F%3E\" data-src=\"https:\/\/instalacionarteenchile.cl\/wp-content\/uploads\/2024\/04\/victor-hugo-nunez-maritza479.jpg\" data-srcset=\"https:\/\/instalacionarteenchile.cl\/wp-content\/uploads\/2024\/04\/victor-hugo-nunez-maritza479.jpg 479w\" loading=\"eager\" sizes=\"(max-width: 479px) 100vw, 479px\" width=\"479\" height=\"479\"  data-dt-location=\"https:\/\/instalacionarteenchile.cl\/index.php\/artistas\/victor-hugo-nunez-maritza479\/\" style=\"--ratio: 479 \/ 479;\" alt=\"\" \/><\/div><\/div><\/div>[\/vc_column][\/vc_row]<\/p>\n<\/div>","protected":false},"excerpt":{"rendered":"<p>[vc_row equal_height=\u00bbyes\u00bb content_placement=\u00bbmiddle\u00bb css=\u00bb.vc_custom_1579947953663{padding-top: 80px !important;padding-bottom: 40px !important;}\u00bb el_class=\u00bbphone-reverse-col\u00bb][vc_column width=\u00bb1\/2&#8243; offset=\u00bbvc_col-lg-6 vc_col-md-6 vc_col-xs-12&#8243; css=\u00bb.vc_custom_1579947663151{padding-bottom: 30px !important;}\u00bb][vc_column_text css=\u00bb.vc_custom_1713387661342{padding-bottom: 20px !important;}\u00bb] Victor Hugo N\u00fa\u00f1ez Nace en Santiago el 15 de agosto de 1943. Inicia su formaci\u00f3n art\u00edstica en el a\u00f1o 1960 como estudiante en los cursos vespertinos de dibujo y croquis dirigidos por Gracia Barros en la&hellip;<\/p>\n","protected":false},"author":1,"featured_media":0,"parent":0,"menu_order":5,"comment_status":"closed","ping_status":"closed","template":"","meta":{"footnotes":""},"class_list":["post-10023","page","type-page","status-publish","hentry","description-off"],"_links":{"self":[{"href":"https:\/\/instalacionarteenchile.cl\/index.php\/wp-json\/wp\/v2\/pages\/10023","targetHints":{"allow":["GET"]}}],"collection":[{"href":"https:\/\/instalacionarteenchile.cl\/index.php\/wp-json\/wp\/v2\/pages"}],"about":[{"href":"https:\/\/instalacionarteenchile.cl\/index.php\/wp-json\/wp\/v2\/types\/page"}],"author":[{"embeddable":true,"href":"https:\/\/instalacionarteenchile.cl\/index.php\/wp-json\/wp\/v2\/users\/1"}],"replies":[{"embeddable":true,"href":"https:\/\/instalacionarteenchile.cl\/index.php\/wp-json\/wp\/v2\/comments?post=10023"}],"version-history":[{"count":4,"href":"https:\/\/instalacionarteenchile.cl\/index.php\/wp-json\/wp\/v2\/pages\/10023\/revisions"}],"predecessor-version":[{"id":10140,"href":"https:\/\/instalacionarteenchile.cl\/index.php\/wp-json\/wp\/v2\/pages\/10023\/revisions\/10140"}],"wp:attachment":[{"href":"https:\/\/instalacionarteenchile.cl\/index.php\/wp-json\/wp\/v2\/media?parent=10023"}],"curies":[{"name":"wp","href":"https:\/\/api.w.org\/{rel}","templated":true}]}}

<div class="wpb-content-wrapper" id="wpb-content-root"><p>[vc_row equal_height=»yes» content_placement=»middle» css=».vc_custom_1579947953663{padding-top: 80px !important;padding-bottom: 40px !important;}» el_class=»phone-reverse-col»][vc_column width=»1/2&#8243; offset=»vc_col-lg-6 vc_col-md-6 vc_col-xs-12&#8243; css=».vc_custom_1579947663151{padding-bottom: 30px !important;}»][vc_column_text css=».vc_custom_1713387661342{padding-bottom: 20px !important;}»]</p>
<h4>Victor Hugo Núñez</h4>
<p>Nace en Santiago el 15 de agosto de 1943. Inicia su formación artística en el año 1960 como estudiante en los cursos vespertinos de dibujo y croquis dirigidos por Gracia Barros en la Escuela de Bellas Artes de la Universidad de Chile. Entre los años 1961 y 1963 estudia diseño y cerámica en la Escuela de Artes Aplicadas de la misma universidad. En 1964 ingresa formalmente a la Escuela de Bellas Artes, lugar donde estudia con Ricardo Meza, con quien se especializó en escultura y cerámica. Se desempeñó como ayudante y posteriormente profesor de la cátedra de escultura, en la misma institución. En 1971 fue nombrado director de la Casa de la Cultura del Mineral del Teniente. En 1974 y tras el Golpe Cívico Militar se traslada a México como asilado político. 1979 recibió el Primer Premio de Adquisición en la Primera Trienal de Escultura del Salón Nacional de Artes Plásticas de México. Su obra ha sido exhibida en el Museo de Arte Contemporáneo, Santiago; Museo de Arte Moderno, Ciudad de México; Museo Carillo Gil, Ciudad de México; Convento de Tepoztlán, Morelos; Palacio de Bellas Arte, Ciudad de México y Museo Nacional de Bellas Artes, Santiago. Actualmente, reside en Cuernavaca, México.</p>
<p>[/vc_column_text][/vc_column][vc_column width=»1/2&#8243; css=».vc_custom_1579947671531{padding-bottom: 40px !important;}» offset=»vc_col-lg-6 vc_col-md-6 vc_col-xs-12&#8243;]<style type="text/css" data-type="the7_shortcodes-inline-css">.shortcode-single-image-wrap.shortcode-single-image-71fd28315e219dec8f2ae946ce16646d.enable-bg-rollover .rollover i,
.shortcode-single-image-wrap.shortcode-single-image-71fd28315e219dec8f2ae946ce16646d.enable-bg-rollover .rollover-video i {
  background: -webkit-linear-gradient();
  background: linear-gradient();
}
.shortcode-single-image-wrap.shortcode-single-image-71fd28315e219dec8f2ae946ce16646d .rollover-icon {
  font-size: 32px;
  color: #ffffff;
  min-width: 44px;
  min-height: 44px;
  line-height: 44px;
  border-radius: 100px;
  border-style: solid;
  border-width: 0px;
}
.dt-icon-bg-on.shortcode-single-image-wrap.shortcode-single-image-71fd28315e219dec8f2ae946ce16646d .rollover-icon {
  background: rgba(255,255,255,0.3);
  box-shadow: none;
}</style><div class="shortcode-single-image-wrap shortcode-single-image-71fd28315e219dec8f2ae946ce16646d alignnone  enable-bg-rollover dt-icon-bg-off" style="margin-top:0px; margin-bottom:0px; margin-left:0px; margin-right:0px; width:1200px;"><div class="shortcode-single-image"><div class="fancy-media-wrap  layzr-bg" style=""><img fetchpriority="high" decoding="async" class="preload-me lazy-load aspect" src="data:image/svg+xml,%3Csvg%20xmlns%3D&#39;http%3A%2F%2Fwww.w3.org%2F2000%2Fsvg&#39;%20viewBox%3D&#39;0%200%20479%20479&#39;%2F%3E" data-src="https://instalacionarteenchile.cl/wp-content/uploads/2024/04/victor-hugo-nunez-maritza479.jpg" data-srcset="https://instalacionarteenchile.cl/wp-content/uploads/2024/04/victor-hugo-nunez-maritza479.jpg 479w" loading="eager" sizes="(max-width: 479px) 100vw, 479px" width="479" height="479"  data-dt-location="https://instalacionarteenchile.cl/index.php/artistas/victor-hugo-nunez-maritza479/" style="--ratio: 479 / 479;" alt="" /></div></div></div>[/vc_column][/vc_row]</p>
</div>

<p>[vc_row equal_height=»yes» content_placement=»middle» css=».vc_custom_1579947953663{padding-top: 80px !important;padding-bottom: 40px !important;}» el_class=»phone-reverse-col»][vc_column width=»1/2&#8243; offset=»vc_col-lg-6 vc_col-md-6 vc_col-xs-12&#8243; css=».vc_custom_1579947663151{padding-bottom: 30px !important;}»][vc_column_text css=».vc_custom_1713387661342{padding-bottom: 20px !important;}»] Victor Hugo Núñez Nace en Santiago el 15 de agosto de 1943. Inicia su formación artística en el año 1960 como estudiante en los cursos vespertinos de dibujo y croquis dirigidos por Gracia Barros en la&hellip;</p>
