{"id":10029,"date":"2024-03-29T18:40:10","date_gmt":"2024-03-29T18:40:10","guid":{"rendered":"https:\/\/instalacionarteenchile.cl\/?page_id=10029"},"modified":"2024-07-19T21:37:56","modified_gmt":"2024-07-19T21:37:56","slug":"contacto","status":"publish","type":"page","link":"https:\/\/instalacionarteenchile.cl\/index.php\/contacto\/","title":{"rendered":"Contacto"},"content":{"rendered":"<div class=\"wpb-content-wrapper\"><p>[vc_row][vc_column][vc_empty_space height=\u00bb38px\u00bb]<div class=\"shortcode-banner\" style=\"min-height: 348px;background-image: url(https:\/\/instalacionarteenchile.cl\/wp-content\/uploads\/2024\/06\/Banner_contacto02.jpg)\"><div class=\"shortcode-banner-bg wf-table\" style=\"padding: 0px;min-height: 348px\"><div class=\"shortcode-banner-inside wf-table text-big\" style=\"border: solid 0px transparent;outline: solid 0px;outline-color: #ffffff;height: 348px\"><div><\/div><\/div><\/div><\/div>[vc_empty_space height=\u00bb6px\u00bb][\/vc_column][\/vc_row][vc_row equal_height=\u00bbyes\u00bb content_placement=\u00bbtop\u00bb css=\u00bb.vc_custom_1713972300670{padding-top: 80px !important;padding-bottom: 40px !important;}\u00bb el_class=\u00bbphone-reverse-col\u00bb][vc_column width=\u00bb1\/2&#8243; offset=\u00bbvc_col-lg-6 vc_col-md-6 vc_col-xs-12&#8243; css=\u00bb.vc_custom_1579947663151{padding-bottom: 30px !important;}\u00bb]<div class=\"dt-fancy-separator title-left h4-size style-disabled\" style=\"width: 100%;\"><div class=\"dt-fancy-title\" style=\"color: rgba(79,91,107,0.85);\"><span class=\"separator-holder separator-left\"><\/span>Investigador responsable<span class=\"separator-holder separator-right\"><\/span><\/div><\/div>[vc_empty_space height=\u00bb28px\u00bb][vc_column_text css=\u00bb.vc_custom_1721424806277{padding-bottom: 20px !important;}\u00bb]<\/p>\n<p style=\"text-align: justify;\">Rodrigo Bruna es artista visual, investigador y acad\u00e9mico. Doctor en Historia del Arte, Universitat Aut\u00f2noma de Barcelona. Doctor en Arte menci\u00f3n Artes Visuales, Pontificia Universidad Cat\u00f3lica de Chile. Su labor investigativa se orienta al campo de la teor\u00eda y la pr\u00e1ctica art\u00edstica, con \u00e9nfasis en la instalaci\u00f3n (arte) como medio de reflexi\u00f3n y producci\u00f3n. Actualmente, es acad\u00e9mico de la Facultad de Artes, Universidad de Chile. <a href=\"https:\/\/rodrigobruna.cl\/\">https:\/\/rodrigobruna.cl\/<\/a><\/p>\n<p>[\/vc_column_text][\/vc_column][vc_column width=\u00bb1\/2&#8243; css=\u00bb.vc_custom_1579947671531{padding-bottom: 40px !important;}\u00bb offset=\u00bbvc_col-lg-6 vc_col-md-6 vc_col-xs-12&#8243;]<div class=\"wpforms-container wpforms-container-full wpforms-render-modern\" id=\"wpforms-10551\"><form id=\"wpforms-form-10551\" class=\"wpforms-validate wpforms-form wpforms-ajax-form\" data-formid=\"10551\" method=\"post\" enctype=\"multipart\/form-data\" action=\"\/index.php\/wp-json\/wp\/v2\/pages\/10029\" data-token=\"f700fdf8ac081894716d7b65920291af\" data-token-time=\"1778332097\"><noscript class=\"wpforms-error-noscript\">Por favor, activa JavaScript en tu navegador para completar este formulario.<\/noscript><div class=\"wpforms-hidden\" id=\"wpforms-error-noscript\">Por favor, activa JavaScript en tu navegador para completar este formulario.<\/div><div class=\"wpforms-field-container\"><div id=\"wpforms-10551-field_0-container\" class=\"wpforms-field wpforms-field-name\" data-field-id=\"0\"><fieldset><legend class=\"wpforms-field-label\">Nombre <span class=\"wpforms-required-label\" aria-hidden=\"true\">*<\/span><\/legend><div class=\"wpforms-field-row wpforms-field-medium\"><div class=\"wpforms-field-row-block wpforms-first wpforms-one-half\"><input type=\"text\" id=\"wpforms-10551-field_0\" class=\"wpforms-field-name-first wpforms-field-required\" name=\"wpforms[fields][0][first]\" aria-errormessage=\"wpforms-10551-field_0-error\" required><label for=\"wpforms-10551-field_0\" class=\"wpforms-field-sublabel after\">Nombre<\/label><\/div><div class=\"wpforms-field-row-block wpforms-one-half\"><input type=\"text\" id=\"wpforms-10551-field_0-last\" class=\"wpforms-field-name-last wpforms-field-required\" name=\"wpforms[fields][0][last]\" aria-errormessage=\"wpforms-10551-field_0-last-error\" required><label for=\"wpforms-10551-field_0-last\" class=\"wpforms-field-sublabel after\">Apellidos<\/label><\/div><\/div><\/fieldset><\/div><div id=\"wpforms-10551-field_1-container\" class=\"wpforms-field wpforms-field-email\" data-field-id=\"1\"><label class=\"wpforms-field-label\" for=\"wpforms-10551-field_1\">Correo electr\u00f3nico <span class=\"wpforms-required-label\" aria-hidden=\"true\">*<\/span><\/label><input type=\"email\" id=\"wpforms-10551-field_1\" class=\"wpforms-field-medium wpforms-field-required\" name=\"wpforms[fields][1]\" spellcheck=\"false\" aria-errormessage=\"wpforms-10551-field_1-error\" required><\/div><div id=\"wpforms-10551-field_2-container\" class=\"wpforms-field wpforms-field-textarea\" data-field-id=\"2\"><label class=\"wpforms-field-label\" for=\"wpforms-10551-field_2\">Comentario o mensaje<\/label><textarea id=\"wpforms-10551-field_2\" class=\"wpforms-field-medium\" name=\"wpforms[fields][2]\" aria-errormessage=\"wpforms-10551-field_2-error\" ><\/textarea><\/div><\/div><!-- .wpforms-field-container --><div class=\"wpforms-submit-container\" ><input type=\"hidden\" name=\"wpforms[id]\" value=\"10551\"><input type=\"hidden\" name=\"page_title\" value=\"\"><input type=\"hidden\" name=\"page_url\" value=\"https:\/\/instalacionarteenchile.cl\/index.php\/wp-json\/wp\/v2\/pages\/10029\"><button type=\"submit\" name=\"wpforms[submit]\" id=\"wpforms-submit-10551\" class=\"wpforms-submit\" data-alt-text=\"Enviando...\" data-submit-text=\"Enviar\" aria-live=\"assertive\" value=\"wpforms-submit\">Enviar<\/button><img loading=\"lazy\" decoding=\"async\" src=\"https:\/\/instalacionarteenchile.cl\/wp-content\/plugins\/wpforms-lite\/assets\/images\/submit-spin.svg\" class=\"wpforms-submit-spinner\" style=\"display: none;\" width=\"26\" height=\"26\" alt=\"Cargando\"><\/div><\/form><\/div>  <!-- .wpforms-container -->[\/vc_column][\/vc_row]<\/p>\n<\/div>","protected":false},"excerpt":{"rendered":"<p>[vc_row][vc_column][vc_empty_space height=\u00bb38px\u00bb][vc_empty_space height=\u00bb6px\u00bb][\/vc_column][\/vc_row][vc_row equal_height=\u00bbyes\u00bb content_placement=\u00bbtop\u00bb css=\u00bb.vc_custom_1713972300670{padding-top: 80px !important;padding-bottom: 40px !important;}\u00bb el_class=\u00bbphone-reverse-col\u00bb][vc_column width=\u00bb1\/2&#8243; offset=\u00bbvc_col-lg-6 vc_col-md-6 vc_col-xs-12&#8243; css=\u00bb.vc_custom_1579947663151{padding-bottom: 30px !important;}\u00bb][vc_empty_space height=\u00bb28px\u00bb][vc_column_text css=\u00bb.vc_custom_1721424806277{padding-bottom: 20px !important;}\u00bb] Rodrigo Bruna es artista visual, investigador y acad\u00e9mico. Doctor en Historia del Arte, Universitat Aut\u00f2noma de Barcelona. Doctor en Arte menci\u00f3n Artes Visuales, Pontificia Universidad Cat\u00f3lica de Chile. Su labor investigativa se orienta&hellip;<\/p>\n","protected":false},"author":1,"featured_media":0,"parent":0,"menu_order":5,"comment_status":"closed","ping_status":"closed","template":"","meta":{"footnotes":""},"class_list":["post-10029","page","type-page","status-publish","hentry","description-off"],"_links":{"self":[{"href":"https:\/\/instalacionarteenchile.cl\/index.php\/wp-json\/wp\/v2\/pages\/10029","targetHints":{"allow":["GET"]}}],"collection":[{"href":"https:\/\/instalacionarteenchile.cl\/index.php\/wp-json\/wp\/v2\/pages"}],"about":[{"href":"https:\/\/instalacionarteenchile.cl\/index.php\/wp-json\/wp\/v2\/types\/page"}],"author":[{"embeddable":true,"href":"https:\/\/instalacionarteenchile.cl\/index.php\/wp-json\/wp\/v2\/users\/1"}],"replies":[{"embeddable":true,"href":"https:\/\/instalacionarteenchile.cl\/index.php\/wp-json\/wp\/v2\/comments?post=10029"}],"version-history":[{"count":24,"href":"https:\/\/instalacionarteenchile.cl\/index.php\/wp-json\/wp\/v2\/pages\/10029\/revisions"}],"predecessor-version":[{"id":10560,"href":"https:\/\/instalacionarteenchile.cl\/index.php\/wp-json\/wp\/v2\/pages\/10029\/revisions\/10560"}],"wp:attachment":[{"href":"https:\/\/instalacionarteenchile.cl\/index.php\/wp-json\/wp\/v2\/media?parent=10029"}],"curies":[{"name":"wp","href":"https:\/\/api.w.org\/{rel}","templated":true}]}}